{"id":1440,"date":"2020-08-28T12:23:06","date_gmt":"2020-08-28T10:23:06","guid":{"rendered":"https:\/\/lune.cloud\/?page_id=1440"},"modified":"2020-08-29T17:23:54","modified_gmt":"2020-08-29T15:23:54","slug":"les-espaces-colorimetriques-aces","status":"publish","type":"page","link":"https:\/\/lune.cloud\/index.php\/les-espaces-colorimetriques-aces\/","title":{"rendered":"Les espaces colorim\u00e9triques ACES"},"content":{"rendered":"\t\t<div data-elementor-type=\"wp-page\" data-elementor-id=\"1440\" class=\"elementor elementor-1440\" data-elementor-post-type=\"page\">\n\t\t\t\t\t\t<section class=\"elementor-section elementor-top-section elementor-element elementor-element-9d6dd36 elementor-section-boxed elementor-section-height-default elementor-section-height-default\" data-id=\"9d6dd36\" data-element_type=\"section\" data-e-type=\"section\">\n\t\t\t\t\t\t<div class=\"elementor-container elementor-column-gap-default\">\n\t\t\t\t\t<div class=\"elementor-column elementor-col-100 elementor-top-column elementor-element elementor-element-2b45912\" data-id=\"2b45912\" data-element_type=\"column\" data-e-type=\"column\">\n\t\t\t<div class=\"elementor-widget-wrap elementor-element-populated\">\n\t\t\t\t\t\t<div class=\"elementor-element elementor-element-3a5841e elementor-widget elementor-widget-spacer\" data-id=\"3a5841e\" data-element_type=\"widget\" data-e-type=\"widget\" data-widget_type=\"spacer.default\">\n\t\t\t\t<div class=\"elementor-widget-container\">\n\t\t\t\t\t\t\t<div class=\"elementor-spacer\">\n\t\t\t<div class=\"elementor-spacer-inner\"><\/div>\n\t\t<\/div>\n\t\t\t\t\t\t<\/div>\n\t\t\t\t<\/div>\n\t\t\t\t<div class=\"elementor-element elementor-element-e123cca elementor-widget elementor-widget-heading\" data-id=\"e123cca\" data-element_type=\"widget\" data-e-type=\"widget\" data-widget_type=\"heading.default\">\n\t\t\t\t<div class=\"elementor-widget-container\">\n\t\t\t\t\t<h1 class=\"elementor-heading-title elementor-size-default\">Les espaces colorim\u00e9triques ACES<\/h1>\t\t\t\t<\/div>\n\t\t\t\t<\/div>\n\t\t\t\t<div class=\"elementor-element elementor-element-54a9bb1 elementor-widget elementor-widget-spacer\" data-id=\"54a9bb1\" data-element_type=\"widget\" data-e-type=\"widget\" data-widget_type=\"spacer.default\">\n\t\t\t\t<div class=\"elementor-widget-container\">\n\t\t\t\t\t\t\t<div class=\"elementor-spacer\">\n\t\t\t<div class=\"elementor-spacer-inner\"><\/div>\n\t\t<\/div>\n\t\t\t\t\t\t<\/div>\n\t\t\t\t<\/div>\n\t\t\t\t\t<\/div>\n\t\t<\/div>\n\t\t\t\t\t<\/div>\n\t\t<\/section>\n\t\t\t\t<section class=\"elementor-section elementor-top-section elementor-element elementor-element-e5693ab elementor-section-boxed elementor-section-height-default elementor-section-height-default\" data-id=\"e5693ab\" data-element_type=\"section\" data-e-type=\"section\">\n\t\t\t\t\t\t<div class=\"elementor-container elementor-column-gap-default\">\n\t\t\t\t\t<div class=\"elementor-column elementor-col-100 elementor-top-column elementor-element elementor-element-5473d41\" data-id=\"5473d41\" data-element_type=\"column\" data-e-type=\"column\">\n\t\t\t<div class=\"elementor-widget-wrap elementor-element-populated\">\n\t\t\t\t\t\t<div class=\"elementor-element elementor-element-d6390ec elementor-widget elementor-widget-spacer\" data-id=\"d6390ec\" data-element_type=\"widget\" data-e-type=\"widget\" data-widget_type=\"spacer.default\">\n\t\t\t\t<div class=\"elementor-widget-container\">\n\t\t\t\t\t\t\t<div class=\"elementor-spacer\">\n\t\t\t<div class=\"elementor-spacer-inner\"><\/div>\n\t\t<\/div>\n\t\t\t\t\t\t<\/div>\n\t\t\t\t<\/div>\n\t\t\t\t<div class=\"elementor-element elementor-element-af6bd65 elementor-widget elementor-widget-text-editor\" data-id=\"af6bd65\" data-element_type=\"widget\" data-e-type=\"widget\" data-widget_type=\"text-editor.default\">\n\t\t\t\t<div class=\"elementor-widget-container\">\n\t\t\t\t\t\t\t\t\t<p>Bienvenue sur la page de cette formation sur les espaces colorim\u00e9triques ACES.\u00a0En cas de probl\u00e8mes n&rsquo;h\u00e9sitez pas \u00e0 venir sur le <a href=\"https:\/\/discord.gg\/hkkxRZf\" target=\"_blank\" rel=\"noopener\">discord<\/a>\u00a0 ou \u00e0 m&rsquo;envoyer un message sur ma page <a href=\"https:\/\/www.facebook.com\/luneVfx\/\" target=\"_blank\" rel=\"noopener\">facebook <\/a><\/p><p>Tous les lundi de 21h \u00e0 22h vous pouvez me retrouver sur <a href=\"https:\/\/www.twitch.tv\/lune_vfx\" target=\"_blank\" rel=\"noopener\">Twitch<\/a> pour parler de 3d et de postprod, vous \u00eates les bienvenus pour venir montrer vos cr\u00e9ations ou poser vos questions !<\/p>\t\t\t\t\t\t\t\t<\/div>\n\t\t\t\t<\/div>\n\t\t\t\t<div class=\"elementor-element elementor-element-75866e1 elementor-widget elementor-widget-spacer\" data-id=\"75866e1\" data-element_type=\"widget\" data-e-type=\"widget\" data-widget_type=\"spacer.default\">\n\t\t\t\t<div class=\"elementor-widget-container\">\n\t\t\t\t\t\t\t<div class=\"elementor-spacer\">\n\t\t\t<div class=\"elementor-spacer-inner\"><\/div>\n\t\t<\/div>\n\t\t\t\t\t\t<\/div>\n\t\t\t\t<\/div>\n\t\t\t\t<div class=\"elementor-element elementor-element-40be82d elementor-widget elementor-widget-html\" data-id=\"40be82d\" data-element_type=\"widget\" data-e-type=\"widget\" data-widget_type=\"html.default\">\n\t\t\t\t<div class=\"elementor-widget-container\">\n\t\t\t\t\t<div style='padding:56.25% 0 0 0;position:relative;'><iframe src='https:\/\/vimeo.com\/showcase\/7495355\/embed' allowfullscreen frameborder='0' style='position:absolute;top:0;left:0;width:100%;height:100%;'><\/iframe><\/div>\t\t\t\t<\/div>\n\t\t\t\t<\/div>\n\t\t\t\t\t<\/div>\n\t\t<\/div>\n\t\t\t\t\t<\/div>\n\t\t<\/section>\n\t\t\t\t<section class=\"elementor-section elementor-top-section elementor-element elementor-element-84680d8 elementor-section-boxed elementor-section-height-default elementor-section-height-default\" data-id=\"84680d8\" data-element_type=\"section\" data-e-type=\"section\">\n\t\t\t\t\t\t<div class=\"elementor-container elementor-column-gap-default\">\n\t\t\t\t\t<div class=\"elementor-column elementor-col-100 elementor-top-column elementor-element elementor-element-68ea59e\" data-id=\"68ea59e\" data-element_type=\"column\" data-e-type=\"column\">\n\t\t\t<div class=\"elementor-widget-wrap elementor-element-populated\">\n\t\t\t\t\t\t<div class=\"elementor-element elementor-element-987eaee elementor-widget elementor-widget-text-editor\" data-id=\"987eaee\" data-element_type=\"widget\" data-e-type=\"widget\" data-widget_type=\"text-editor.default\">\n\t\t\t\t<div class=\"elementor-widget-container\">\n\t\t\t\t\t\t\t\t\t<h3>Pour r\u00e9cup\u00e9rer le dossier ACES :\u00a0<\/h3><p><a href=\"https:\/\/github.com\/colour-science\/OpenColorIO-Configs\/tree\/feature\/aces-1.2-config\" target=\"_blank\" rel=\"noopener\">https:\/\/github.com\/colour-science\/OpenColorIO-Configs\/tree\/feature\/aces-1.2-config<\/a><\/p><p>\u00a0<\/p><h3>Dans Maya, pour la conversion d&rsquo;espaces colorim\u00e9triques :<\/h3><p>Pour changer en sRGB :<\/p><p>string $fnode_selection[] = (`ls -sl`);<br \/>for ($fnode in $fnode_selection) {<br \/>setAttr ($fnode + \u00ab\u00a0.cs\u00a0\u00bb) -type \u00ab\u00a0string\u00a0\u00bb \u00ab\u00a0Utility &#8211; sRGB &#8211; Texture\u00a0\u00bb;<br \/>}<\/p><p>en lin\u00e9aire :<\/p><p>string $fnode_selection[] = (`ls -sl`);<br \/>for ($fnode in $fnode_selection) {<br \/>setAttr ($fnode + \u00ab\u00a0.cs\u00a0\u00bb) -type \u00ab\u00a0string\u00a0\u00bb \u00ab\u00a0Utility &#8211; Linear &#8211; sRGB\u00a0\u00bb;<br \/>}<\/p><p>et en raw :<\/p><p>string $fnode_selection[] = (`ls -sl`);<br \/>for ($fnode in $fnode_selection) {<br \/>setAttr ($fnode + \u00ab\u00a0.cs\u00a0\u00bb) -type \u00ab\u00a0string\u00a0\u00bb \u00ab\u00a0Utility &#8211; Raw\u00a0\u00bb;<br \/>}<\/p><h3>Pour Blender :\u00a0<\/h3><div><p>Set OCIO=I:\\OpenColorIO-Configs-feature-aces-1.2-config\\OpenColorIO-Configs-feature-aces-1.2-config\\aces_1.2\\config.ocio<\/p><p>START \u00ab\u00a0BLENDER 2.8.2\u00a0\u00bb \u00ab\u00a0F:\\Program Files\\Blender Foundation\\Blender 2.82\\blender.exe\u00a0\u00bb<\/p><p>(avec le chemin vers votre config.ocio et blender.exe \u00e0 changer selon les endroits o\u00f9 ils se trouvent chez vous<\/p><\/div>\t\t\t\t\t\t\t\t<\/div>\n\t\t\t\t<\/div>\n\t\t\t\t\t<\/div>\n\t\t<\/div>\n\t\t\t\t\t<\/div>\n\t\t<\/section>\n\t\t\t\t<\/div>\n\t\t","protected":false},"excerpt":{"rendered":"<p>Les espaces colorim\u00e9triques ACES Bienvenue sur la page de cette formation sur les espaces colorim\u00e9triques ACES.\u00a0En cas de probl\u00e8mes n&rsquo;h\u00e9sitez pas \u00e0 venir sur le discord\u00a0 ou \u00e0 m&rsquo;envoyer un message sur ma page facebook Tous les lundi de 21h \u00e0 22h vous pouvez me retrouver sur Twitch pour parler de 3d et de postprod, [&hellip;]<\/p>\n","protected":false},"author":1,"featured_media":0,"parent":0,"menu_order":0,"comment_status":"closed","ping_status":"closed","template":"","meta":{"_ppp_document_settings_meta":"","_monsterinsights_skip_tracking":false,"_monsterinsights_sitenote_active":false,"_monsterinsights_sitenote_note":"","_monsterinsights_sitenote_category":0,"ocean_post_layout":"full-screen","ocean_both_sidebars_style":"","ocean_both_sidebars_content_width":0,"ocean_both_sidebars_sidebars_width":0,"ocean_sidebar":"0","ocean_second_sidebar":"0","ocean_disable_margins":"enable","ocean_add_body_class":"","ocean_shortcode_before_top_bar":"","ocean_shortcode_after_top_bar":"","ocean_shortcode_before_header":"","ocean_shortcode_after_header":"","ocean_has_shortcode":"","ocean_shortcode_after_title":"","ocean_shortcode_before_footer_widgets":"","ocean_shortcode_after_footer_widgets":"","ocean_shortcode_before_footer_bottom":"","ocean_shortcode_after_footer_bottom":"","ocean_display_top_bar":"default","ocean_display_header":"default","ocean_header_style":"","ocean_center_header_left_menu":"0","ocean_custom_header_template":"0","ocean_custom_logo":0,"ocean_custom_retina_logo":0,"ocean_custom_logo_max_width":0,"ocean_custom_logo_tablet_max_width":0,"ocean_custom_logo_mobile_max_width":0,"ocean_custom_logo_max_height":0,"ocean_custom_logo_tablet_max_height":0,"ocean_custom_logo_mobile_max_height":0,"ocean_header_custom_menu":"0","ocean_menu_typo_font_family":"0","ocean_menu_typo_font_subset":"","ocean_menu_typo_font_size":0,"ocean_menu_typo_font_size_tablet":0,"ocean_menu_typo_font_size_mobile":0,"ocean_menu_typo_font_size_unit":"px","ocean_menu_typo_font_weight":"","ocean_menu_typo_font_weight_tablet":"","ocean_menu_typo_font_weight_mobile":"","ocean_menu_typo_transform":"","ocean_menu_typo_transform_tablet":"","ocean_menu_typo_transform_mobile":"","ocean_menu_typo_line_height":0,"ocean_menu_typo_line_height_tablet":0,"ocean_menu_typo_line_height_mobile":0,"ocean_menu_typo_line_height_unit":"","ocean_menu_typo_spacing":0,"ocean_menu_typo_spacing_tablet":0,"ocean_menu_typo_spacing_mobile":0,"ocean_menu_typo_spacing_unit":"","ocean_menu_link_color":"","ocean_menu_link_color_hover":"","ocean_menu_link_color_active":"","ocean_menu_link_background":"","ocean_menu_link_hover_background":"","ocean_menu_link_active_background":"","ocean_menu_social_links_bg":"","ocean_menu_social_hover_links_bg":"","ocean_menu_social_links_color":"","ocean_menu_social_hover_links_color":"","ocean_disable_title":"on","ocean_disable_heading":"default","ocean_post_title":"","ocean_post_subheading":"","ocean_post_title_style":"","ocean_post_title_background_color":"","ocean_post_title_background":0,"ocean_post_title_bg_image_position":"","ocean_post_title_bg_image_attachment":"","ocean_post_title_bg_image_repeat":"","ocean_post_title_bg_image_size":"","ocean_post_title_height":0,"ocean_post_title_bg_overlay":0.5,"ocean_post_title_bg_overlay_color":"","ocean_disable_breadcrumbs":"default","ocean_breadcrumbs_color":"","ocean_breadcrumbs_separator_color":"","ocean_breadcrumbs_links_color":"","ocean_breadcrumbs_links_hover_color":"","ocean_display_footer_widgets":"default","ocean_display_footer_bottom":"default","ocean_custom_footer_template":"0","ofc_meta_disable_footer_callout":"","ofc_meta_callout_button_url":"","ofc_meta_callout_button_txt":"","ofc_meta_callout_text":"","ofc_enable_fullscreen":"disable","ofc_fullscreen_speed":0,"ofc_fullscreen_nav":"enable","ofc_fullscreen_nav_pos":"right","ofc_fullscreen_nav_color":"","ofc_fullscreen_nav_tooltip_color":"","ofc_fullscreen_responsive":0,"osp_disable_panel":"default","osh_disable_topbar_sticky":"default","osh_disable_header_sticky":"default","osh_sticky_header_style":"default","osh_sticky_header_effect":"","osh_custom_sticky_logo":0,"osh_custom_retina_sticky_logo":0,"osh_custom_sticky_logo_height":0,"osh_background_color":"","osh_links_color":"","osh_links_hover_color":"","osh_links_active_color":"","osh_links_bg_color":"","osh_links_hover_bg_color":"","osh_links_active_bg_color":"","osh_menu_social_links_color":"","osh_menu_social_hover_links_color":"","footnotes":""},"class_list":["post-1440","page","type-page","status-publish","hentry","entry","owp-thumbs-layout-horizontal","owp-btn-normal","owp-tabs-layout-horizontal","has-no-thumbnails","has-product-nav"],"yoast_head":"<!-- This site is optimized with the Yoast SEO plugin v27.4 - https:\/\/yoast.com\/product\/yoast-seo-wordpress\/ -->\n<title>Les espaces colorim\u00e9triques ACES - Lune, freelance graphisme &amp; formation<\/title>\n<meta name=\"robots\" content=\"index, follow, max-snippet:-1, max-image-preview:large, max-video-preview:-1\" \/>\n<link rel=\"canonical\" href=\"https:\/\/lune.cloud\/index.php\/les-espaces-colorimetriques-aces\/\" \/>\n<meta property=\"og:locale\" content=\"fr_FR\" \/>\n<meta property=\"og:type\" content=\"article\" \/>\n<meta property=\"og:title\" content=\"Les espaces colorim\u00e9triques ACES - Lune, freelance graphisme &amp; formation\" \/>\n<meta property=\"og:description\" content=\"Les espaces colorim\u00e9triques ACES Bienvenue sur la page de cette formation sur les espaces colorim\u00e9triques ACES.\u00a0En cas de probl\u00e8mes n&rsquo;h\u00e9sitez pas \u00e0 venir sur le discord\u00a0 ou \u00e0 m&rsquo;envoyer un message sur ma page facebook Tous les lundi de 21h \u00e0 22h vous pouvez me retrouver sur Twitch pour parler de 3d et de postprod, [&hellip;]\" \/>\n<meta property=\"og:url\" content=\"https:\/\/lune.cloud\/index.php\/les-espaces-colorimetriques-aces\/\" \/>\n<meta property=\"og:site_name\" content=\"Lune, freelance graphisme &amp; formation\" \/>\n<meta property=\"article:publisher\" content=\"https:\/\/www.facebook.com\/lune-111981165729\/\" \/>\n<meta property=\"article:modified_time\" content=\"2020-08-29T15:23:54+00:00\" \/>\n<meta name=\"twitter:card\" content=\"summary_large_image\" \/>\n<meta name=\"twitter:label1\" content=\"Dur\u00e9e de lecture estim\u00e9e\" \/>\n\t<meta name=\"twitter:data1\" content=\"1 minute\" \/>\n<!-- \/ Yoast SEO plugin. -->","yoast_head_json":{"title":"Les espaces colorim\u00e9triques ACES - Lune, freelance graphisme &amp; formation","robots":{"index":"index","follow":"follow","max-snippet":"max-snippet:-1","max-image-preview":"max-image-preview:large","max-video-preview":"max-video-preview:-1"},"canonical":"https:\/\/lune.cloud\/index.php\/les-espaces-colorimetriques-aces\/","og_locale":"fr_FR","og_type":"article","og_title":"Les espaces colorim\u00e9triques ACES - Lune, freelance graphisme &amp; formation","og_description":"Les espaces colorim\u00e9triques ACES Bienvenue sur la page de cette formation sur les espaces colorim\u00e9triques ACES.\u00a0En cas de probl\u00e8mes n&rsquo;h\u00e9sitez pas \u00e0 venir sur le discord\u00a0 ou \u00e0 m&rsquo;envoyer un message sur ma page facebook Tous les lundi de 21h \u00e0 22h vous pouvez me retrouver sur Twitch pour parler de 3d et de postprod, [&hellip;]","og_url":"https:\/\/lune.cloud\/index.php\/les-espaces-colorimetriques-aces\/","og_site_name":"Lune, freelance graphisme &amp; formation","article_publisher":"https:\/\/www.facebook.com\/lune-111981165729\/","article_modified_time":"2020-08-29T15:23:54+00:00","twitter_card":"summary_large_image","twitter_misc":{"Dur\u00e9e de lecture estim\u00e9e":"1 minute"},"schema":{"@context":"https:\/\/schema.org","@graph":[{"@type":"WebPage","@id":"https:\/\/lune.cloud\/index.php\/les-espaces-colorimetriques-aces\/","url":"https:\/\/lune.cloud\/index.php\/les-espaces-colorimetriques-aces\/","name":"Les espaces colorim\u00e9triques ACES - Lune, freelance graphisme &amp; formation","isPartOf":{"@id":"https:\/\/lune.cloud\/#website"},"datePublished":"2020-08-28T10:23:06+00:00","dateModified":"2020-08-29T15:23:54+00:00","breadcrumb":{"@id":"https:\/\/lune.cloud\/index.php\/les-espaces-colorimetriques-aces\/#breadcrumb"},"inLanguage":"fr-FR","potentialAction":[{"@type":"ReadAction","target":["https:\/\/lune.cloud\/index.php\/les-espaces-colorimetriques-aces\/"]}]},{"@type":"BreadcrumbList","@id":"https:\/\/lune.cloud\/index.php\/les-espaces-colorimetriques-aces\/#breadcrumb","itemListElement":[{"@type":"ListItem","position":1,"name":"Home","item":"https:\/\/lune.cloud\/"},{"@type":"ListItem","position":2,"name":"Les espaces colorim\u00e9triques ACES"}]},{"@type":"WebSite","@id":"https:\/\/lune.cloud\/#website","url":"https:\/\/lune.cloud\/","name":"Lune, freelance graphisme &amp; formation","description":"D.A., motion design, 2d &amp; 3d, formation &amp; consulting","publisher":{"@id":"https:\/\/lune.cloud\/#organization"},"potentialAction":[{"@type":"SearchAction","target":{"@type":"EntryPoint","urlTemplate":"https:\/\/lune.cloud\/?s={search_term_string}"},"query-input":{"@type":"PropertyValueSpecification","valueRequired":true,"valueName":"search_term_string"}}],"inLanguage":"fr-FR"},{"@type":"Organization","@id":"https:\/\/lune.cloud\/#organization","name":"Lune","url":"https:\/\/lune.cloud\/","logo":{"@type":"ImageObject","inLanguage":"fr-FR","@id":"https:\/\/lune.cloud\/#\/schema\/logo\/image\/","url":"https:\/\/lune.cloud\/wp-content\/uploads\/2020\/03\/ms-icon-310x310-1.png","contentUrl":"https:\/\/lune.cloud\/wp-content\/uploads\/2020\/03\/ms-icon-310x310-1.png","width":310,"height":310,"caption":"Lune"},"image":{"@id":"https:\/\/lune.cloud\/#\/schema\/logo\/image\/"},"sameAs":["https:\/\/www.facebook.com\/lune-111981165729\/","https:\/\/www.instagram.com\/_lune___________\/","https:\/\/www.linkedin.com\/in\/guillaume-amauger-74420212\/"]}]}},"_links":{"self":[{"href":"https:\/\/lune.cloud\/index.php\/wp-json\/wp\/v2\/pages\/1440","targetHints":{"allow":["GET"]}}],"collection":[{"href":"https:\/\/lune.cloud\/index.php\/wp-json\/wp\/v2\/pages"}],"about":[{"href":"https:\/\/lune.cloud\/index.php\/wp-json\/wp\/v2\/types\/page"}],"author":[{"embeddable":true,"href":"https:\/\/lune.cloud\/index.php\/wp-json\/wp\/v2\/users\/1"}],"replies":[{"embeddable":true,"href":"https:\/\/lune.cloud\/index.php\/wp-json\/wp\/v2\/comments?post=1440"}],"version-history":[{"count":6,"href":"https:\/\/lune.cloud\/index.php\/wp-json\/wp\/v2\/pages\/1440\/revisions"}],"predecessor-version":[{"id":1514,"href":"https:\/\/lune.cloud\/index.php\/wp-json\/wp\/v2\/pages\/1440\/revisions\/1514"}],"wp:attachment":[{"href":"https:\/\/lune.cloud\/index.php\/wp-json\/wp\/v2\/media?parent=1440"}],"curies":[{"name":"wp","href":"https:\/\/api.w.org\/{rel}","templated":true}]}}